{"version":"1.0","provider_name":"LaMennais.org","provider_url":"https:\/\/www.lamennais.org\/es\/","title":"Roma: El Papa Francisco nos ha dejado - LaMennais.org","type":"rich","width":600,"height":338,"html":"<blockquote class=\"wp-embedded-content\" data-secret=\"nu6giKrW5o\"><a href=\"https:\/\/www.lamennais.org\/es\/roma-el-papa-francisco-nos-ha-dejado\/\">Roma: El Papa Francisco nos ha dejado<\/a><\/blockquote><iframe sandbox=\"allow-scripts\" security=\"restricted\" src=\"https:\/\/www.lamennais.org\/es\/roma-el-papa-francisco-nos-ha-dejado\/embed\/#?secret=nu6giKrW5o\" width=\"600\" height=\"338\" title=\"\u00abRoma: El Papa Francisco nos ha dejado\u00bb \u2014 LaMennais.org\" data-secret=\"nu6giKrW5o\" frameborder=\"0\" marginwidth=\"0\" marginheight=\"0\" scrolling=\"no\" class=\"wp-embedded-content\"><\/iframe><script type=\"text\/javascript\">\n\/* <![CDATA[ *\/\n\/*! This file is auto-generated *\/\n!function(d,l){\"use strict\";l.querySelector&&d.addEventListener&&\"undefined\"!=typeof URL&&(d.wp=d.wp||{},d.wp.receiveEmbedMessage||(d.wp.receiveEmbedMessage=function(e){var t=e.data;if((t||t.secret||t.message||t.value)&&!\/[^a-zA-Z0-9]\/.test(t.secret)){for(var s,r,n,a=l.querySelectorAll('iframe[data-secret=\"'+t.secret+'\"]'),o=l.querySelectorAll('blockquote[data-secret=\"'+t.secret+'\"]'),c=new RegExp(\"^https?:$\",\"i\"),i=0;i<o.length;i++)o[i].style.display=\"none\";for(i=0;i<a.length;i++)s=a[i],e.source===s.contentWindow&&(s.removeAttribute(\"style\"),\"height\"===t.message?(1e3<(r=parseInt(t.value,10))?r=1e3:~~r<200&&(r=200),s.height=r):\"link\"===t.message&&(r=new URL(s.getAttribute(\"src\")),n=new URL(t.value),c.test(n.protocol))&&n.host===r.host&&l.activeElement===s&&(d.top.location.href=t.value))}},d.addEventListener(\"message\",d.wp.receiveEmbedMessage,!1),l.addEventListener(\"DOMContentLoaded\",function(){for(var e,t,s=l.querySelectorAll(\"iframe.wp-embedded-content\"),r=0;r<s.length;r++)(t=(e=s[r]).getAttribute(\"data-secret\"))||(t=Math.random().toString(36).substring(2,12),e.src+=\"#?secret=\"+t,e.setAttribute(\"data-secret\",t)),e.contentWindow.postMessage({message:\"ready\",secret:t},\"*\")},!1)))}(window,document);\n\/\/# sourceURL=https:\/\/www.lamennais.org\/wp-includes\/js\/wp-embed.min.js\n\/* ]]> *\/\n<\/script>\n","thumbnail_url":"https:\/\/www.lamennais.org\/wp-content\/uploads\/2025\/04\/slide-1.jpg","thumbnail_width":1200,"thumbnail_height":680,"description":"Estas pocas l\u00edneas son para deciros que, como en todo el mundo, la emoci\u00f3n est\u00e1 a flor de piel aqu\u00ed en Roma. Los medios de comunicaci\u00f3n mundiales han llegado al coraz\u00f3n de la cristiandad, transmitiendo informaci\u00f3n las 24 horas al d\u00eda. Los Hermanos de la Casa Generalicia est\u00e1n con vosotros en las calles de Roma, [&hellip;]"}

Estas pocas líneas son para deciros que, como en todo el mundo, la emoción está a flor de piel aquí en Roma. Los medios de comunicación mundiales han llegado al corazón de la cristiandad, transmitiendo información las 24 horas al día. Los Hermanos de la Casa Generalicia están con vosotros en las calles de Roma, [&hellip;]
