{"version":"1.0","provider_name":"LaMennais.org","provider_url":"https:\/\/www.lamennais.org\/es\/","title":"En la esperanza... caminar hacia la luz... - LaMennais.org","type":"rich","width":600,"height":338,"html":"<blockquote class=\"wp-embedded-content\" data-secret=\"9wSg6NRdZ8\"><a href=\"https:\/\/www.lamennais.org\/es\/en-la-esperanza-caminar-hacia-la-luz\/\">En la esperanza&#8230; caminar hacia la luz&#8230;<\/a><\/blockquote><iframe sandbox=\"allow-scripts\" security=\"restricted\" src=\"https:\/\/www.lamennais.org\/es\/en-la-esperanza-caminar-hacia-la-luz\/embed\/#?secret=9wSg6NRdZ8\" width=\"600\" height=\"338\" title=\"\u00abEn la esperanza&#8230; caminar hacia la luz&#8230;\u00bb \u2014 LaMennais.org\" data-secret=\"9wSg6NRdZ8\" frameborder=\"0\" marginwidth=\"0\" marginheight=\"0\" scrolling=\"no\" class=\"wp-embedded-content\"><\/iframe><script type=\"text\/javascript\">\n\/* <![CDATA[ *\/\n\/*! This file is auto-generated *\/\n!function(d,l){\"use strict\";l.querySelector&&d.addEventListener&&\"undefined\"!=typeof URL&&(d.wp=d.wp||{},d.wp.receiveEmbedMessage||(d.wp.receiveEmbedMessage=function(e){var t=e.data;if((t||t.secret||t.message||t.value)&&!\/[^a-zA-Z0-9]\/.test(t.secret)){for(var s,r,n,a=l.querySelectorAll('iframe[data-secret=\"'+t.secret+'\"]'),o=l.querySelectorAll('blockquote[data-secret=\"'+t.secret+'\"]'),c=new RegExp(\"^https?:$\",\"i\"),i=0;i<o.length;i++)o[i].style.display=\"none\";for(i=0;i<a.length;i++)s=a[i],e.source===s.contentWindow&&(s.removeAttribute(\"style\"),\"height\"===t.message?(1e3<(r=parseInt(t.value,10))?r=1e3:~~r<200&&(r=200),s.height=r):\"link\"===t.message&&(r=new URL(s.getAttribute(\"src\")),n=new URL(t.value),c.test(n.protocol))&&n.host===r.host&&l.activeElement===s&&(d.top.location.href=t.value))}},d.addEventListener(\"message\",d.wp.receiveEmbedMessage,!1),l.addEventListener(\"DOMContentLoaded\",function(){for(var e,t,s=l.querySelectorAll(\"iframe.wp-embedded-content\"),r=0;r<s.length;r++)(t=(e=s[r]).getAttribute(\"data-secret\"))||(t=Math.random().toString(36).substring(2,12),e.src+=\"#?secret=\"+t,e.setAttribute(\"data-secret\",t)),e.contentWindow.postMessage({message:\"ready\",secret:t},\"*\")},!1)))}(window,document);\n\/\/# sourceURL=https:\/\/www.lamennais.org\/wp-includes\/js\/wp-embed.min.js\n\/* ]]> *\/\n<\/script>\n","thumbnail_url":"https:\/\/www.lamennais.org\/wp-content\/uploads\/2023\/04\/slide-sem-sainte.jpg","thumbnail_width":1919,"thumbnail_height":849,"description":"Durant tous ces jours de Car\u00eame, nous avons march\u00e9 \u00e0 la suite du Christ sur un chemin de conversion et de p\u00e9nitence et maintenant nous nous rapprochons de Lui, en ces jours de Semaine sainte jusqu\u2019au jour de sa Passion. Ce sont vraiment des jours de gr\u00e2ce ! Pero nuestro viaje no termina en la [&hellip;]"}

Durant tous ces jours de Carême, nous avons marché à la suite du Christ sur un chemin de conversion et de pénitence et maintenant nous nous rapprochons de Lui, en ces jours de Semaine sainte jusqu’au jour de sa Passion. Ce sont vraiment des jours de grâce ! Pero nuestro viaje no termina en la [&hellip;]
