{"version":"1.0","provider_name":"LaMennais.org","provider_url":"https:\/\/www.lamennais.org\/es\/","title":"Bolivia : San Borja - nuevo encuentro de Pertenencia - LaMennais.org","type":"rich","width":600,"height":338,"html":"<blockquote class=\"wp-embedded-content\" data-secret=\"BBcw0bIUjz\"><a href=\"https:\/\/www.lamennais.org\/es\/bolivia-san-borja-nuevo-encuentro-de-pertenencia\/\">Bolivia : San Borja &#8211; nuevo encuentro de Pertenencia<\/a><\/blockquote><iframe sandbox=\"allow-scripts\" security=\"restricted\" src=\"https:\/\/www.lamennais.org\/es\/bolivia-san-borja-nuevo-encuentro-de-pertenencia\/embed\/#?secret=BBcw0bIUjz\" width=\"600\" height=\"338\" title=\"\u00abBolivia : San Borja &#8211; nuevo encuentro de Pertenencia\u00bb \u2014 LaMennais.org\" data-secret=\"BBcw0bIUjz\" frameborder=\"0\" marginwidth=\"0\" marginheight=\"0\" scrolling=\"no\" class=\"wp-embedded-content\"><\/iframe><script type=\"text\/javascript\">\n\/* <![CDATA[ *\/\n\/*! This file is auto-generated *\/\n!function(d,l){\"use strict\";l.querySelector&&d.addEventListener&&\"undefined\"!=typeof URL&&(d.wp=d.wp||{},d.wp.receiveEmbedMessage||(d.wp.receiveEmbedMessage=function(e){var t=e.data;if((t||t.secret||t.message||t.value)&&!\/[^a-zA-Z0-9]\/.test(t.secret)){for(var s,r,n,a=l.querySelectorAll('iframe[data-secret=\"'+t.secret+'\"]'),o=l.querySelectorAll('blockquote[data-secret=\"'+t.secret+'\"]'),c=new RegExp(\"^https?:$\",\"i\"),i=0;i<o.length;i++)o[i].style.display=\"none\";for(i=0;i<a.length;i++)s=a[i],e.source===s.contentWindow&&(s.removeAttribute(\"style\"),\"height\"===t.message?(1e3<(r=parseInt(t.value,10))?r=1e3:~~r<200&&(r=200),s.height=r):\"link\"===t.message&&(r=new URL(s.getAttribute(\"src\")),n=new URL(t.value),c.test(n.protocol))&&n.host===r.host&&l.activeElement===s&&(d.top.location.href=t.value))}},d.addEventListener(\"message\",d.wp.receiveEmbedMessage,!1),l.addEventListener(\"DOMContentLoaded\",function(){for(var e,t,s=l.querySelectorAll(\"iframe.wp-embedded-content\"),r=0;r<s.length;r++)(t=(e=s[r]).getAttribute(\"data-secret\"))||(t=Math.random().toString(36).substring(2,12),e.src+=\"#?secret=\"+t,e.setAttribute(\"data-secret\",t)),e.contentWindow.postMessage({message:\"ready\",secret:t},\"*\")},!1)))}(window,document);\n\/\/# sourceURL=https:\/\/www.lamennais.org\/wp-includes\/js\/wp-embed.min.js\n\/* ]]> *\/\n<\/script>\n","thumbnail_url":"https:\/\/www.lamennais.org\/wp-content\/uploads\/2025\/09\/slide-3.jpg","thumbnail_width":1400,"thumbnail_height":600,"description":"El mismo se desarroll\u00f3, como estaba previsto, los d\u00edas 30 y 31 de agosto en San Borja. Participamos m\u00e1s de 20 miembros, participaci\u00f3n a pleno de los borjanos y en un 80% los alte\u00f1os. Bonito encuentro. Por la ma\u00f1ana del s\u00e1bado nos dedicamos un tiempo personal para mirar el recorrido del a\u00f1o y agradecer, tambi\u00e9n [&hellip;]"}

El mismo se desarrolló, como estaba previsto, los días 30 y 31 de agosto en San Borja. Participamos más de 20 miembros, participación a pleno de los borjanos y en un 80% los alteños. Bonito encuentro. Por la mañana del sábado nos dedicamos un tiempo personal para mirar el recorrido del año y agradecer, también [&hellip;]
