{"version":"1.0","provider_name":"LaMennais.org","provider_url":"https:\/\/www.lamennais.org\/es\/","title":"BOLIVIA : San Borja-El Alto \u2013 Escuela menesiana - LaMennais.org","type":"rich","width":600,"height":338,"html":"<blockquote class=\"wp-embedded-content\" data-secret=\"FmMC4HnCe1\"><a href=\"https:\/\/www.lamennais.org\/es\/bolivia-san-borja-el-alto-escuela-menesiana\/\">BOLIVIA :  San Borja-El Alto \u2013 Escuela menesiana<\/a><\/blockquote><iframe sandbox=\"allow-scripts\" security=\"restricted\" src=\"https:\/\/www.lamennais.org\/es\/bolivia-san-borja-el-alto-escuela-menesiana\/embed\/#?secret=FmMC4HnCe1\" width=\"600\" height=\"338\" title=\"\u00abBOLIVIA :  San Borja-El Alto \u2013 Escuela menesiana\u00bb \u2014 LaMennais.org\" data-secret=\"FmMC4HnCe1\" frameborder=\"0\" marginwidth=\"0\" marginheight=\"0\" scrolling=\"no\" class=\"wp-embedded-content\"><\/iframe><script type=\"text\/javascript\">\n\/* <![CDATA[ *\/\n\/*! This file is auto-generated *\/\n!function(d,l){\"use strict\";l.querySelector&&d.addEventListener&&\"undefined\"!=typeof URL&&(d.wp=d.wp||{},d.wp.receiveEmbedMessage||(d.wp.receiveEmbedMessage=function(e){var t=e.data;if((t||t.secret||t.message||t.value)&&!\/[^a-zA-Z0-9]\/.test(t.secret)){for(var s,r,n,a=l.querySelectorAll('iframe[data-secret=\"'+t.secret+'\"]'),o=l.querySelectorAll('blockquote[data-secret=\"'+t.secret+'\"]'),c=new RegExp(\"^https?:$\",\"i\"),i=0;i<o.length;i++)o[i].style.display=\"none\";for(i=0;i<a.length;i++)s=a[i],e.source===s.contentWindow&&(s.removeAttribute(\"style\"),\"height\"===t.message?(1e3<(r=parseInt(t.value,10))?r=1e3:~~r<200&&(r=200),s.height=r):\"link\"===t.message&&(r=new URL(s.getAttribute(\"src\")),n=new URL(t.value),c.test(n.protocol))&&n.host===r.host&&l.activeElement===s&&(d.top.location.href=t.value))}},d.addEventListener(\"message\",d.wp.receiveEmbedMessage,!1),l.addEventListener(\"DOMContentLoaded\",function(){for(var e,t,s=l.querySelectorAll(\"iframe.wp-embedded-content\"),r=0;r<s.length;r++)(t=(e=s[r]).getAttribute(\"data-secret\"))||(t=Math.random().toString(36).substring(2,12),e.src+=\"#?secret=\"+t,e.setAttribute(\"data-secret\",t)),e.contentWindow.postMessage({message:\"ready\",secret:t},\"*\")},!1)))}(window,document);\n\/\/# sourceURL=https:\/\/www.lamennais.org\/wp-includes\/js\/wp-embed.min.js\n\/* ]]> *\/\n<\/script>\n","thumbnail_url":"https:\/\/www.lamennais.org\/wp-content\/uploads\/2025\/07\/WhatsApp-Image-2025-07-07-at-20.41.57-2.jpeg","thumbnail_width":1280,"thumbnail_height":576,"description":"Tuvo lugar del 5 al 7 de julio de 2025 en Achocolla. All\u00ed nos dimos cita m\u00e1s de 35 educadores menesianos de los centros de Bolivia. Bonita experiencia compartida, como los d\u00edas que el Se\u00f1or nos regal\u00f3. Durante los d\u00edas vividos se fueron estrechando los lazos, porque nos fuimos conociendo y reconociendo. As\u00ed como fuimos [&hellip;]"}

Tuvo lugar del 5 al 7 de julio de 2025 en Achocolla. Allí nos dimos cita más de 35 educadores menesianos de los centros de Bolivia. Bonita experiencia compartida, como los días que el Señor nos regaló. Durante los días vividos se fueron estrechando los lazos, porque nos fuimos conociendo y reconociendo. Así como fuimos [&hellip;]
