{"version":"1.0","provider_name":"LaMennais.org","provider_url":"https:\/\/www.lamennais.org\/en\/","title":"SPAIN: ASSEMBLY AND CELEBRATION of the GOLDEN JUBILEE - LaMennais.org","type":"rich","width":600,"height":338,"html":"<blockquote class=\"wp-embedded-content\" data-secret=\"i0z2jtfIOv\"><a href=\"https:\/\/www.lamennais.org\/en\/spain-assembly-and-celebration-of-the-golden-jubilee\/\">SPAIN: ASSEMBLY AND CELEBRATION of the GOLDEN JUBILEE<\/a><\/blockquote><iframe sandbox=\"allow-scripts\" security=\"restricted\" src=\"https:\/\/www.lamennais.org\/en\/spain-assembly-and-celebration-of-the-golden-jubilee\/embed\/#?secret=i0z2jtfIOv\" width=\"600\" height=\"338\" title=\"&#8220;SPAIN: ASSEMBLY AND CELEBRATION of the GOLDEN JUBILEE&#8221; &#8212; LaMennais.org\" data-secret=\"i0z2jtfIOv\" frameborder=\"0\" marginwidth=\"0\" marginheight=\"0\" scrolling=\"no\" class=\"wp-embedded-content\"><\/iframe><script type=\"text\/javascript\">\n\/* <![CDATA[ *\/\n\/*! This file is auto-generated *\/\n!function(d,l){\"use strict\";l.querySelector&&d.addEventListener&&\"undefined\"!=typeof URL&&(d.wp=d.wp||{},d.wp.receiveEmbedMessage||(d.wp.receiveEmbedMessage=function(e){var t=e.data;if((t||t.secret||t.message||t.value)&&!\/[^a-zA-Z0-9]\/.test(t.secret)){for(var s,r,n,a=l.querySelectorAll('iframe[data-secret=\"'+t.secret+'\"]'),o=l.querySelectorAll('blockquote[data-secret=\"'+t.secret+'\"]'),c=new RegExp(\"^https?:$\",\"i\"),i=0;i<o.length;i++)o[i].style.display=\"none\";for(i=0;i<a.length;i++)s=a[i],e.source===s.contentWindow&&(s.removeAttribute(\"style\"),\"height\"===t.message?(1e3<(r=parseInt(t.value,10))?r=1e3:~~r<200&&(r=200),s.height=r):\"link\"===t.message&&(r=new URL(s.getAttribute(\"src\")),n=new URL(t.value),c.test(n.protocol))&&n.host===r.host&&l.activeElement===s&&(d.top.location.href=t.value))}},d.addEventListener(\"message\",d.wp.receiveEmbedMessage,!1),l.addEventListener(\"DOMContentLoaded\",function(){for(var e,t,s=l.querySelectorAll(\"iframe.wp-embedded-content\"),r=0;r<s.length;r++)(t=(e=s[r]).getAttribute(\"data-secret\"))||(t=Math.random().toString(36).substring(2,12),e.src+=\"#?secret=\"+t,e.setAttribute(\"data-secret\",t)),e.contentWindow.postMessage({message:\"ready\",secret:t},\"*\")},!1)))}(window,document);\n\/\/# sourceURL=https:\/\/www.lamennais.org\/wp-includes\/js\/wp-embed.min.js\n\/* ]]> *\/\n<\/script>\n","thumbnail_url":"https:\/\/www.lamennais.org\/wp-content\/uploads\/2025\/07\/slide-3-e1753970464120.jpg","thumbnail_width":1300,"thumbnail_height":731,"description":"From left to right, the Brothers Jos\u00e9 \u00c1ngel F. Sobrino, Joaqu\u00edn Grijalvo and Jos\u00e9 Antonio Morante On July 27th, 2025, the Assembly of Lay People and Brothers of the Province of Nuestra Se\u00f1ora del Pilar (Spain) took place in Nanclares de la Oca, followed by the Golden Jubilee of Three Brothers. As every year, before [&hellip;]"}

From left to right, the Brothers José Ángel F. Sobrino, Joaquín Grijalvo and José Antonio Morante On July 27th, 2025, the Assembly of Lay People and Brothers of the Province of Nuestra Señora del Pilar (Spain) took place in Nanclares de la Oca, followed by the Golden Jubilee of Three Brothers. As every year, before [&hellip;]
