{"version":"1.0","provider_name":"LaMennais.org","provider_url":"https:\/\/www.lamennais.org\/en\/","title":"France: Plo\u00ebrmel \u2013 Mennaisian Family Festival and Jubilarian Festival - LaMennais.org","type":"rich","width":600,"height":338,"html":"<blockquote class=\"wp-embedded-content\" data-secret=\"taiBqyt8gB\"><a href=\"https:\/\/www.lamennais.org\/en\/france-ploermel-mennaisian-family-festival-and-jubilarian-festival\/\">France: Plo\u00ebrmel \u2013 Mennaisian Family Festival and Jubilarian Festival<\/a><\/blockquote><iframe sandbox=\"allow-scripts\" security=\"restricted\" src=\"https:\/\/www.lamennais.org\/en\/france-ploermel-mennaisian-family-festival-and-jubilarian-festival\/embed\/#?secret=taiBqyt8gB\" width=\"600\" height=\"338\" title=\"&#8220;France: Plo\u00ebrmel \u2013 Mennaisian Family Festival and Jubilarian Festival&#8221; &#8212; LaMennais.org\" data-secret=\"taiBqyt8gB\" frameborder=\"0\" marginwidth=\"0\" marginheight=\"0\" scrolling=\"no\" class=\"wp-embedded-content\"><\/iframe><script type=\"text\/javascript\">\n\/* <![CDATA[ *\/\n\/*! This file is auto-generated *\/\n!function(d,l){\"use strict\";l.querySelector&&d.addEventListener&&\"undefined\"!=typeof URL&&(d.wp=d.wp||{},d.wp.receiveEmbedMessage||(d.wp.receiveEmbedMessage=function(e){var t=e.data;if((t||t.secret||t.message||t.value)&&!\/[^a-zA-Z0-9]\/.test(t.secret)){for(var s,r,n,a=l.querySelectorAll('iframe[data-secret=\"'+t.secret+'\"]'),o=l.querySelectorAll('blockquote[data-secret=\"'+t.secret+'\"]'),c=new RegExp(\"^https?:$\",\"i\"),i=0;i<o.length;i++)o[i].style.display=\"none\";for(i=0;i<a.length;i++)s=a[i],e.source===s.contentWindow&&(s.removeAttribute(\"style\"),\"height\"===t.message?(1e3<(r=parseInt(t.value,10))?r=1e3:~~r<200&&(r=200),s.height=r):\"link\"===t.message&&(r=new URL(s.getAttribute(\"src\")),n=new URL(t.value),c.test(n.protocol))&&n.host===r.host&&l.activeElement===s&&(d.top.location.href=t.value))}},d.addEventListener(\"message\",d.wp.receiveEmbedMessage,!1),l.addEventListener(\"DOMContentLoaded\",function(){for(var e,t,s=l.querySelectorAll(\"iframe.wp-embedded-content\"),r=0;r<s.length;r++)(t=(e=s[r]).getAttribute(\"data-secret\"))||(t=Math.random().toString(36).substring(2,12),e.src+=\"#?secret=\"+t,e.setAttribute(\"data-secret\",t)),e.contentWindow.postMessage({message:\"ready\",secret:t},\"*\")},!1)))}(window,document);\n\/\/# sourceURL=https:\/\/www.lamennais.org\/wp-includes\/js\/wp-embed.min.js\n\/* ]]> *\/\n<\/script>\n","thumbnail_url":"https:\/\/www.lamennais.org\/wp-content\/uploads\/2025\/09\/slide-scaled.jpg","thumbnail_width":2560,"thumbnail_height":1037,"description":"Renewal of Vows of the Jubilee Brothers during the Eucharist Tout me monde s\u2019attendait \u00e0 une journ\u00e9e grise et pluvieuse \u2026. Mais le pari \u00e9tait de vivre cette journ\u00e9e dans le parc de la Maison-M\u00e8re,\u00a0sous le soleil\u00a0! Et le miracle a eu lieu\u00a0: une belle journ\u00e9e ensoleill\u00e9e\u00a0! Jean-Marie de la Mennais veillait sur sa famille\u00a0! [&hellip;]"}

France: Ploërmel – Mennaisian Family Festival and Jubilarian Festival - LaMennais.org

<blockquote class="wp-embedded-content" data-secret="taiBqyt8gB"><a href="https://www.lamennais.org/en/france-ploermel-mennaisian-family-festival-and-jubilarian-festival/">France: Ploërmel – Mennaisian Family Festival and Jubilarian Festival</a></blockquote><iframe sandbox="allow-scripts" security="restricted" src="https://www.lamennais.org/en/france-ploermel-mennaisian-family-festival-and-jubilarian-festival/embed/#?secret=taiBqyt8gB" width="600" height="338" title="&#8220;France: Ploërmel – Mennaisian Family Festival and Jubilarian Festival&#8221; &#8212; LaMennais.org" data-secret="taiBqyt8gB" frameborder="0" marginwidth="0" marginheight="0" scrolling="no" class="wp-embedded-content"></iframe><script type="text/javascript">
/* <![CDATA[ */
/*! This file is auto-generated */
!function(d,l){"use strict";l.querySelector&&d.addEventListener&&"undefined"!=typeof URL&&(d.wp=d.wp||{},d.wp.receiveEmbedMessage||(d.wp.receiveEmbedMessage=function(e){var t=e.data;if((t||t.secret||t.message||t.value)&&!/[^a-zA-Z0-9]/.test(t.secret)){for(var s,r,n,a=l.querySelectorAll('iframe[data-secret="'+t.secret+'"]'),o=l.querySelectorAll('blockquote[data-secret="'+t.secret+'"]'),c=new RegExp("^https?:$","i"),i=0;i<o.length;i++)o[i].style.display="none";for(i=0;i<a.length;i++)s=a[i],e.source===s.contentWindow&&(s.removeAttribute("style"),"height"===t.message?(1e3<(r=parseInt(t.value,10))?r=1e3:~~r<200&&(r=200),s.height=r):"link"===t.message&&(r=new URL(s.getAttribute("src")),n=new URL(t.value),c.test(n.protocol))&&n.host===r.host&&l.activeElement===s&&(d.top.location.href=t.value))}},d.addEventListener("message",d.wp.receiveEmbedMessage,!1),l.addEventListener("DOMContentLoaded",function(){for(var e,t,s=l.querySelectorAll("iframe.wp-embedded-content"),r=0;r<s.length;r++)(t=(e=s[r]).getAttribute("data-secret"))||(t=Math.random().toString(36).substring(2,12),e.src+="#?secret="+t,e.setAttribute("data-secret",t)),e.contentWindow.postMessage({message:"ready",secret:t},"*")},!1)))}(window,document);
//# sourceURL=https://www.lamennais.org/wp-includes/js/wp-embed.min.js
/* ]]> */
</script>

Renewal of Vows of the Jubilee Brothers during the Eucharist Tout me monde s’attendait à une journée grise et pluvieuse …. Mais le pari était de vivre cette journée dans le parc de la Maison-Mère, sous le soleil ! Et le miracle a eu lieu : une belle journée ensoleillée ! Jean-Marie de la Mennais veillait sur sa famille ! [&hellip;]
